{"id":648,"date":"2020-10-26T21:15:46","date_gmt":"2020-10-26T18:15:46","guid":{"rendered":"https:\/\/startertemplatecloud.com\/e02\/?post_type=product&#038;p=648"},"modified":"2024-01-02T05:56:38","modified_gmt":"2024-01-02T05:56:38","slug":"formatos-de-actuaciones","status":"publish","type":"product","link":"https:\/\/www.comectedfem.com\/Marketing\/producto\/formatos-de-actuaciones\/","title":{"rendered":"Formatos de actuaciones"},"content":{"rendered":"<div id=\"elementor-tab-title-1272\" class=\"elementor-tab-title elementor-active\" tabindex=\"0\" role=\"button\" data-tab=\"2\" aria-controls=\"elementor-tab-content-1272\" aria-expanded=\"true\" aria-selected=\"true\"><strong><a class=\"elementor-toggle-title\" tabindex=\"0\">Formatos de actuaciones<\/a><\/strong><\/div>\n<div tabindex=\"0\" role=\"button\" data-tab=\"2\" aria-controls=\"elementor-tab-content-1272\" aria-expanded=\"true\" aria-selected=\"true\"><\/div>\n<div id=\"elementor-tab-content-1272\" class=\"elementor-tab-content elementor-clearfix elementor-active\" role=\"region\" data-tab=\"2\" aria-labelledby=\"elementor-tab-title-1272\">\n<ol>\n<li>MODELO-INFORME-DE-PREPARACI\u00d3N-DE-CERTIFICACI\u00d3N-DE-INVENTARIO-AUMENTO-DE-CAPITAL-CONTADOR-COLEGIADO.pdf<\/li>\n<li>[Descarga no encontrada] MODELO-INFORME-DE-PREPARACI\u00d3N-DE-CERTIFICACI\u00d3N-DE-INVENTARIO-INICIAL-CONTADOR-COLEGIADO.pdf<\/li>\n<li>INFORME-DE-PREPARACI\u00d3N-DEL-ESTADO-DE-SITUACI\u00d3N-FINANCIERA-4.pdf (161 descargas)<\/li>\n<li>INFORME-DE-ASEGURAMIENTO-SOBRE-INGRESOS-DE-PERSONAS-NATURALES-3.pdf (205 descargas)<\/li>\n<li>MODELO-INFORME-DE-PREPARACI\u00d3N-DE-CERTIFICACI\u00d3N-DE-INVENTARIO-INICIAL-CONTADOR-COLEGIADO.pdf (183 descargas)<\/li>\n<li>MODELO-INFORME-DE-PREPARACI\u00d3N-DE-CERTIFICACI\u00d3N-DE-INVENTARIO-AUMENTO-DE-CAPITAL-CONTADOR-COLEGIADO.pdf (196 descargas)<\/li>\n<li>MODELO-INFORME-DE-PREPARACI\u00d3N-DE-ESTADOS-FINANCIEROS-juridico-CONTADOR-COLEGIADO-1.pdf (156 descargas)<\/li>\n<li>MODELO-INFORME-DE-PREPARACI\u00d3N-DE-ESTADOS-FINANCIEROS-jur\u00eddico-de-m\u00e1s-de-1-ejercicio-CONTADOR-COLEGIADO.pdf (157 descargas)<\/li>\n<\/ol>\n<\/div>\n","protected":false},"excerpt":{"rendered":"<p>Formatos de actuaciones MODELO-INFORME-DE-PREPARACI\u00d3N-DE-CERTIFICACI\u00d3N-DE-INVENTARIO-AUMENTO-DE-CAPITAL-CONTADOR-COLEGIADO.pdf [Descarga no encontrada] MODELO-INFORME-DE-PREPARACI\u00d3N-DE-CERTIFICACI\u00d3N-DE-INVENTARIO-INICIAL-CONTADOR-COLEGIADO.pdf INFORME-DE-PREPARACI\u00d3N-DEL-ESTADO-DE-SITUACI\u00d3N-FINANCIERA-4.pdf (161 descargas) INFORME-DE-ASEGURAMIENTO-SOBRE-INGRESOS-DE-PERSONAS-NATURALES-3.pdf (205 descargas) MODELO-INFORME-DE-PREPARACI\u00d3N-DE-CERTIFICACI\u00d3N-DE-INVENTARIO-INICIAL-CONTADOR-COLEGIADO.pdf (183 descargas) MODELO-INFORME-DE-PREPARACI\u00d3N-DE-CERTIFICACI\u00d3N-DE-INVENTARIO-AUMENTO-DE-CAPITAL-CONTADOR-COLEGIADO.pdf (196 descargas) MODELO-INFORME-DE-PREPARACI\u00d3N-DE-ESTADOS-FINANCIEROS-juridico-CONTADOR-COLEGIADO-1.pdf (156 descargas) MODELO-INFORME-DE-PREPARACI\u00d3N-DE-ESTADOS-FINANCIEROS-jur\u00eddico-de-m\u00e1s-de-1-ejercicio-CONTADOR-COLEGIADO.pdf (157 descargas)<\/p>\n","protected":false},"featured_media":1193,"template":"","meta":{"_kadence_starter_templates_imported_post":true,"_kad_post_transparent":"default","_kad_post_title":"","_kad_post_layout":"default","_kad_post_sidebar_id":"","_kad_post_content_style":"default","_kad_post_vertical_padding":"default","_kad_post_feature":"","_kad_post_feature_position":"","_kad_post_header":false,"_kad_post_footer":false,"_kad_post_classname":""},"product_brand":[],"product_cat":[15],"product_tag":[],"class_list":{"0":"post-648","1":"product","2":"type-product","3":"status-publish","4":"has-post-thumbnail","6":"product_cat-descargables","8":"first","9":"instock","10":"featured","11":"downloadable","12":"shipping-taxable","13":"purchasable","14":"product-type-simple","15":"entry","16":"content-bg","17":"loop-entry"},"_links":{"self":[{"href":"https:\/\/www.comectedfem.com\/Marketing\/wp-json\/wp\/v2\/product\/648","targetHints":{"allow":["GET"]}}],"collection":[{"href":"https:\/\/www.comectedfem.com\/Marketing\/wp-json\/wp\/v2\/product"}],"about":[{"href":"https:\/\/www.comectedfem.com\/Marketing\/wp-json\/wp\/v2\/types\/product"}],"wp:featuredmedia":[{"embeddable":true,"href":"https:\/\/www.comectedfem.com\/Marketing\/wp-json\/wp\/v2\/media\/1193"}],"wp:attachment":[{"href":"https:\/\/www.comectedfem.com\/Marketing\/wp-json\/wp\/v2\/media?parent=648"}],"wp:term":[{"taxonomy":"product_brand","embeddable":true,"href":"https:\/\/www.comectedfem.com\/Marketing\/wp-json\/wp\/v2\/product_brand?post=648"},{"taxonomy":"product_cat","embeddable":true,"href":"https:\/\/www.comectedfem.com\/Marketing\/wp-json\/wp\/v2\/product_cat?post=648"},{"taxonomy":"product_tag","embeddable":true,"href":"https:\/\/www.comectedfem.com\/Marketing\/wp-json\/wp\/v2\/product_tag?post=648"}],"curies":[{"name":"wp","href":"https:\/\/api.w.org\/{rel}","templated":true}]}}