{"id":1388,"date":"2024-02-07T23:55:10","date_gmt":"2024-02-07T23:55:10","guid":{"rendered":"https:\/\/www.comectedfem.com\/Marketing\/?post_type=product&#038;p=1388"},"modified":"2025-08-01T19:20:04","modified_gmt":"2025-08-01T19:20:04","slug":"solicitud-de-carnet","status":"publish","type":"product","link":"https:\/\/www.comectedfem.com\/Marketing\/producto\/solicitud-de-carnet\/","title":{"rendered":"Solicitud de carnet"},"content":{"rendered":"<p>Deber\u00e1 cargar una foto fondo blanco (Formato png o jpg), de frente y calidad n\u00edtida.<\/p>\n<p>No se permitir\u00e1n fotos como selfies, recortes de im\u00e1genes en reuniones o fiestas, con aud\u00edfonos, lentes, gorras o franelillas.<\/p>\n<p>La fecha aproximada de entrega se indicar\u00e1 una vez hecha la solicitud, recuerden que son hechas a solicitudes seg\u00fan cantidad indicada por el proveedor.<\/p>\n<p>Se procesar\u00e1 una se valide el pago y la imagen.<\/p>\n","protected":false},"excerpt":{"rendered":"<p>Deber\u00e1 cargar una foto fondo blanco (Formato png o jpg), de frente y calidad n\u00edtida. No se permitir\u00e1n fotos como selfies, recortes de im\u00e1genes en reuniones o fiestas, con aud\u00edfonos, lentes, gorras o franelillas. La fecha aproximada de entrega se indicar\u00e1 una vez hecha la solicitud, recuerden que son hechas a solicitudes seg\u00fan cantidad indicada&#8230;<\/p>\n","protected":false},"featured_media":1331,"template":"","meta":{"_kadence_starter_templates_imported_post":false,"_kad_post_transparent":"default","_kad_post_title":"","_kad_post_layout":"default","_kad_post_sidebar_id":"","_kad_post_content_style":"default","_kad_post_vertical_padding":"default","_kad_post_feature":"","_kad_post_feature_position":"","_kad_post_header":false,"_kad_post_footer":false,"_kad_post_classname":""},"product_brand":[],"product_cat":[20],"product_tag":[],"class_list":{"0":"post-1388","1":"product","2":"type-product","3":"status-publish","4":"has-post-thumbnail","6":"product_cat-registros-comectedfem","8":"first","9":"instock","10":"featured","11":"shipping-taxable","12":"purchasable","13":"product-type-simple","14":"entry","15":"content-bg","16":"loop-entry"},"_links":{"self":[{"href":"https:\/\/www.comectedfem.com\/Marketing\/wp-json\/wp\/v2\/product\/1388","targetHints":{"allow":["GET"]}}],"collection":[{"href":"https:\/\/www.comectedfem.com\/Marketing\/wp-json\/wp\/v2\/product"}],"about":[{"href":"https:\/\/www.comectedfem.com\/Marketing\/wp-json\/wp\/v2\/types\/product"}],"wp:featuredmedia":[{"embeddable":true,"href":"https:\/\/www.comectedfem.com\/Marketing\/wp-json\/wp\/v2\/media\/1331"}],"wp:attachment":[{"href":"https:\/\/www.comectedfem.com\/Marketing\/wp-json\/wp\/v2\/media?parent=1388"}],"wp:term":[{"taxonomy":"product_brand","embeddable":true,"href":"https:\/\/www.comectedfem.com\/Marketing\/wp-json\/wp\/v2\/product_brand?post=1388"},{"taxonomy":"product_cat","embeddable":true,"href":"https:\/\/www.comectedfem.com\/Marketing\/wp-json\/wp\/v2\/product_cat?post=1388"},{"taxonomy":"product_tag","embeddable":true,"href":"https:\/\/www.comectedfem.com\/Marketing\/wp-json\/wp\/v2\/product_tag?post=1388"}],"curies":[{"name":"wp","href":"https:\/\/api.w.org\/{rel}","templated":true}]}}